 remainder when r(-3) is divided by b?
19
Let y = 25 - 22. Suppose -5*q = -3*b - 576, q - 3*q + y*b = -225. Calculate the remainder when q is divided by 30.
27
Suppose -70 = 4*i - 9*i. What is the remainder when 22 is divided by i?
8
Let l(z) = 4 + z**3 - 514*z**2 - 10*z - 2 + 525*z**2. What is the remainder when l(-11) is divided by 23?
20
Calculate the remainder when 69 is divided by (24/(-5))/((-15)/100).
5
Suppose -k + 92*k = 7007. Calculate the remainder when 293 is divided by k.
62
Suppose 4 = 3*p - p. Let r(k) = 7*k**2 + 0*k**2 - k**3 - p*k - 3 - 2*k. Calculate the remainder when 34 is divided by r(6).
7
Suppose 0 = -26*i + 43*i - 2567. What is the remainder when i is divided by 28?
11
Let g = -84 - -587. Calculate the remainder when g is divided by 39.
35
Let o(f) = 2*f + 16. Let x be o(-8). Suppose -4*z - 5*s = -x*s - 25, -3*z = -3*s - 39. Let a(m) = 4*m + 6. Calculate the remainder when a(5) is divided by z.
6
Let t(s) = s**3 - 4*s - 1. Let d be t(3). Let g = d - 4. Suppose 0 = 3*z + z - 116. What is the remainder when z is divided by g?
9
Let z be (-2 - 0 - 1)/(-1). Suppose z*p + 27 = 81. What is the remainder when 47 is divided by p?
11
Suppose -2*q + 7*q + 65 = 0. Let y = 15 + q. Suppose y*z - 15 = -3*z. Calculate the remainder when 8 is divided by z.
2
Let o(s) = 2*s + 70. Calculate the remainder when o(-25) is divided by 11.
9
Let j = 4 - 11. Let t = j + 8. Calculate the remainder when 12 is divided by (14 - 13)/(t/7).
5
Let u = 3 + -3. Suppose 3*a = 5*a + l - 13, 0 = -a + 5*l - 10. Suppose 3*y - 2*y = 5*q - 73, -a*q - 4*y + 58 = u. What is the remainder when 55 is divided by q?
13
Suppose 30*z - 1530 = 21*z. Calculate the remainder when z is divided by 27.
8
Let m(y) = -5*y**2 + 1. Let z(g) = g + 8. Let j be z(-7). Let h be m(j). What is the remainder when 71 is divided by 27 + (12/h - 0)?
23
Suppose 0 = 57*a - 10954 + 3145. Calculate the remainder when a is divided by 2.
1
Suppose -20 = 4*w, -b - 2*w - 21 = 3*w. What is the remainder when ((-20)/16*11)/((-1)/b) is divided by 20?
15
Suppose 0*s = -4*s - 4*y + 88, 34 = s - 2*y. Suppose -5*o = q + 3*q - s, 0 = -5*o + 10. What is the remainder when 42 is divided by (-116)/(-8) - (-2)/q?
12
Let j(l) = -l + 20. Calculate the remainder when j(0) is divided by (-17)/(68/(-24)) + (-6)/(-18)*3.
6
Suppose -21*k + 15*k = -234. Calculate the remainder when 151 is divided by k.
34
Suppose 4*m - 425 = -5*f, 5*m + 2*f - 384 - 160 = 0. What is the remainder when m is divided by 37?
36
Suppose -3 = o, 219 = 3*h - 21*o + 25*o. What is the remainder when h is divided by 20?
17
Let z = 36 + -23. Calculate the remainder when z is divided by 6/(-12)*(-6 - 0).
1
Suppose 2*d = -d + 150. Suppose 16*p = -56*p + 310 + 626. What is the remainder when d is divided by p?
11
Suppose 2*h = p - 6, 0 = -4*p + 2*p - 2*h + 30. Let o(a) = a**2 - 3*a + 5. Calculate the remainder when o(-4) is divided by p.
9
Suppose -3557*b + 3564*b - 42 = 0. Calculate the remainder when 101 is divided by b.
5
Suppose -8*r + 3*r + 45 = 5*u, 3*r + 2*u = 30. Let c = r - -11. What is the remainder when 43 is divided by c?
20
What is the remainder when 11 is divided by (1 - -3) + 7 + (-1 - 1)?
2
Let i = 2 - -45. Suppose 0 = 3*b - 71 + i. What is the remainder when 22 is divided by b?
6
Suppose -2*l + 39 = 6*n + 5, -3*n - 23 = -l. Suppose 4*g - 3 = 3*g. Suppose 0 = g*w - 21. Calculate the remainder when l is divided by w.
6
Let v = -161 - -239. What is the remainder when v is divided by 10?
8
Let l = -3 - -36. Suppose -64 = -j - 6*m + 5*m, -4*j + 264 = -4*m. What is the remainder when j is divided by l?
32
Suppose 3*k + 92 = 5*u - 543, 4*k + 254 = 2*u. What is the remainder when 389 is divided by u?
8
Let z(m) = -8*m - 12. Let u be z(6). Let a = 103 + u. Let s = a - 29. What is the remainder when 40 is divided by s?
12
Let o = -2408 - -2583. What is the remainder when 191 is divided by o?
16
Suppose 18 = -3*k + 15. Calculate the remainder when 12 is divided by (k - 0)*(12 - 15).
0
Let i be (-2 + 4/6)/(3/(-9)). Suppose 0 = i*m - 42 - 10. Calculate the remainder when 76 is divided by m.
11
Suppose h = 9 - 4. Calculate the remainder when 47 is divided by h.
2
Calculate the remainder when 134 is divided by ((-593)/(-17))/1 - 234/(-1989).
29
Let h(q) = q**3 + 2*q**2 - 3*q + 28. What is the remainder when 81 is divided by h(0)?
25
Suppose -5*i = -208 + 103. What is the remainder when 35 is divided by i?
14
What is the remainder when 24/9*(-273)/(-7) is divided by 15?
14
Let p be (-4 + (-45)/(-10))*56. Let c be p/(-5)*(-2 + 7). What is the remainder when (11/(-4))/(1/c) is divided by 16?
13
Let l = 2141 + -1192. Calculate the remainder when l is divided by 19.
18
Suppose -6*p + 4*m + 480 = -p, 0 = -5*p - 2*m + 510. What is the remainder when p is divided by 31?
7
Let b = -184 - -320. Calculate the remainder when 260 is divided by b.
124
Calculate the remainder when 419 is divided by (-525)/45 + 13 + 82/6.
14
Let k be 11/(-22) + (-14)/(-4). Suppose -k*i = 13 - 112. Let v = i - 20. What is the remainder when v is divided by 7?
6
Let g(u) = 3*u**2 + 12*u - 50. Calculate the remainder when g(7) is divided by 63.
55
Suppose t + 60 = -2*w, -3*w + t + 39 = 134. Let z = 75 + w. Calculate the remainder when z is divided by 12.
8
Let q be -2 - -3 - (-4 - (0 + -5)). Calculate the remainder when 32 is divided by ((-1 - -2) + q)/((-19)/(-323)).
15
Let i = -32 - 7. Let j = -63 - i. What is the remainder when (45/(-12))/(2/j) is divided by 23?
22
Let v = -837 - -967. Calculate the remainder when v is divided by 24 - (1 + (2 - 1)).
20
Suppose 18*g - 12*g = 516. Suppose -4*w + 2*r = -10 - 34, -2*r = 0. What is the remainder when g is divided by w?
9
Suppose -4*p + l = -l, 3*l + 10 = p. Let t be p/(-8) - 35/(-20). What is the remainder when (t - 1)*(31 + 6) is divided by 20?
17
What is the remainder when 0*4/16 + 215 is divided by 8?
7
Suppose 7*s + 15 = 10*s. Suppose -s*w - 4 + 3 = -3*b, -5*b - 5*w = -15. Calculate the remainder when 3 is divided by b.
1
Suppose 15*n - 14*n + 3 = 0. Let d(c) = -3*c + 24. Calculate the remainder when d(n) is divided by 19.
14
Suppose -5*x + 3*h = -h - 154, 149 = 5*x + h. Suppose 6*j - 11*j + x = 0. What is the remainder when 27 is divided by j?
3
Suppose u - 3*u = -30. Let i be 28/(-21) + ((-16)/(-6))/2. Suppose 5*q + 4*s - 120 = i, 0 = 3*q - 5*s - 75 - 34. What is the remainder when q is divided by u?
13
Suppose -36*h + 2*l = -37*h + 205, -5*l = -3*h + 560. Calculate the remainder when h is divided by 53.
36
Let b = -1884 + 1920. What is the remainder when 2483 is divided by b?
35
Suppose 3*k - m - 19 = 0, 3*k = -m + 3*m + 20. Let a = -1 + 3. What is the remainder when k is divided by a?
0
Let p = 17 - -8. Calculate the remainder when 91 is divided by p.
16
Let u(i) = 44*i + 30. Let z(k) = 1. Let n(g) = -u(g) + 6*z(g). What is the remainder when n(-3) is divided by 10?
8
Let w be (-117)/(-52) + 1/(-4). Let y = w + 1. Calculate the remainder when y/2*340/15 is divided by 12.
10
Let m = -319 + 320. Calculate the remainder when 9 is divided by m.
0
Let n = -9069 + 9103. Let y(v) = -25*v - 9. What is the remainder when y(-7) is divided by n?
30
Suppose -3*z = 5*o - 114, 0 = -2*z - 2*z - 3*o + 141. Let x(u) = 4*u - 3. What is the remainder when z is divided by x(5)?
16
Suppose 4*w = 7 + 17. What is the remainder when ((-3843)/(-6))/7 + w/(-4) is divided by 23?
21
Let p = 19 - 24. What is the remainder when ((-2)/p - (7 + -9))*5 is divided by 8?
4
Let p = 414 + -384. Calculate the remainder when p is divided by 14.
2
Let z(p) = 10*p**3 - 9*p + 18. Calculate the remainder when z(3) is divided by 44.
41
Let b(r) = -r**2 + 11*r - 22. Let z be b(8). Suppose 5*o = z*o + 228. What is the remainder when o is divided by 26?
24
Suppose 0*r - 11 = 5*c + 3*r, -5*c + r = 3. Let h be (2 + c)/(-2 + 1). Calculate the remainder when 16 is divided by h/(-1) - (-7 - -2).
4
Let p(x) = -x**3 - x. Let a(o) = o**2 - o + 9. Let y be a(-4). Suppose 0 = -y*j + 26*j + 33. Calculate the remainder when p(-3) is divided by j.
8
Suppose 86 = 2*r - 2*o, -2*r + 0*o + 77 = -5*o. Suppose -2*b = -4*t - 7*b - 127, -5*b = -5. Let s = t + r. Calculate the remainder when 51 is divided by s.
12
Let t(w) = w**3 + 9*w**2 - 9*w + 5. Let y(h) = -h**3 - 1. Let o(d) = t(d)